9 is divided by w?
10
Let v = -4 - -27. Calculate the remainder when 45 is divided by v.
22
Suppose 0 = 3*p + 2*x - 80, 2*p + x - 39 = 16. Let i = 0 + 16. What is the remainder when p is divided by i?
14
Let r(j) be the third derivative of -j**5/60 - j**4/6 + 5*j**3/6 - 8*j**2. Let k = -2 + 6. Calculate the remainder when r(-4) is divided by k.
1
Let c(o) = -o**3 - 4*o**2 - o. Let a be c(-4). Suppose -42 = -5*v + 2*h + 29, v - 7 = a*h. What is the remainder when 58 is divided by v?
13
Suppose 3*i + 7 = -5*j + 20, -3*j + 2*i = -23. Suppose -40 = -j*z + 50. What is the remainder when 69 is divided by z?
15
Let m(s) = -28*s**2 - 2*s + 1. Let i be m(1). Let f = i - -48. What is the remainder when f is divided by 11?
8
Suppose 38 = 5*v - 12. What is the remainder when 67 is divided by v?
7
Let y = -50 - -93. Calculate the remainder when y is divided by 11.
10
Let g(p) = 14*p + 1. Let y be g(-5). Let s = y - -110. What is the remainder when s is divided by 14?
13
Suppose -j + 238 = j. Suppose z = -m + 131, 5*z = -0*m - m + j. Let n = m + -79. Calculate the remainder when n is divided by 19.
17
Let w = -18 + 106. Calculate the remainder when w is divided by 18.
16
Let q(v) = v**2 - 6*v + 2. Let f = -8 + 40. Let b be ((-24)/f)/(1/(-8)). What is the remainder when 4 is divided by q(b)?
0
Let m = 8 + 6. What is the remainder when 25 is divided by m?
11
Suppose -3*t = 4*a + 35, 3*a - 5*a = 5*t + 35. Let h(g) = g**3 - 8*g**2 + 8*g - 5. What is the remainder when (-4 - t)/((-3)/(-12)) is divided by h(7)?
0
Suppose -3*f + 5*c - 16 = -72, -5*c - 90 = -5*f. Calculate the remainder when 67 is divided by f.
16
Let t be (1 + -1 + 0)*1. Suppose -2*z + 2 + 0 = t. What is the remainder when 2 is divided by z?
0
Let a(v) = 50*v**2 + v + 1. Let k be a(-1). Let h = -31 + k. Calculate the remainder when 74 is divided by h.
17
Suppose 0 = -4*a + 8 - 20. Let i = a + 3. Calculate the remainder when 37 is divided by 15 - (2 + i)*1.
11
Let g(v) = 4*v + 7. Let r be g(-6). Let s = -4 - r. Suppose -12 = -y - t - 0*t, y + 2*t = s. What is the remainder when 32 is divided by y?
10
Let m(r) = -7*r**3 + 7*r**2 - 7*r - 7. Let g(n) = 8*n**3 - 7*n**2 + 8*n + 7. Let v(f) = 6*g(f) + 7*m(f). Calculate the remainder when v(5) is divided by 10.
8
Let c(y) be the third derivative of y**5/30 + y**4/12 - y**3 + 3*y**2. What is the remainder when c(-5) is divided by 12?
10
Suppose -4*o = -3*j - 3, -4*j - 2*o + 9 = -9. Suppose 2*r = 8 - 0. Calculate the remainder when r is divided by j.
1
Suppose -a - 2*o + 14 = -4*o, -a + 26 = 4*o. Calculate the remainder when 2*(-99)/(-12)*2 is divided by a.
15
Suppose -9*r + 66 = -3*r. Suppose -20 = 5*m, -2*n + 14 = -4*m + m. Let i = n - -3. What is the remainder when r is divided by i?
3
Let z = 45 + -18. Calculate the remainder when z is divided by 6.
3
Suppose 0*j - 5*j + 15 = 0. Suppose j*d = 96 - 15. What is the remainder when d is divided by 10?
7
Suppose -12 = 2*a - 4*k, -4*a - 3*k - 2*k = -15. Let x = 11 - a. Suppose -6*o + o = -2*i + 57, -2*i = 2*o - 36. Calculate the remainder when i is divided by x.
10
Let x(j) = -j**3 - 6*j**2 - 6*j + 5. Let k(t) = -t**3 - 13*t**2 + 14*t + 6. Calculate the remainder when x(-5) is divided by k(-14).
4
Let h(f) = -3*f - 6. Calculate the remainder when -3*(0 + 32/(-6)) is divided by h(-4).
4
Let a = 128 - 71. Calculate the remainder when 221 is divided by a.
50
Let k(l) = -13*l**3 + l**2 - l - 1. Suppose 5*z - 217 - 53 = 0. What is the remainder when z is divided by k(-1)?
12
Calculate the remainder when (1422/(-27))/(4/(-6)) is divided by 20.
19
Suppose -3*f + 9 = -2*f. Let c(b) = b**3 + 3*b**2 - b - 3. What is the remainder when f is divided by c(-2)?
0
Suppose d = q + 4*q + 6, -5*q = 3*d - 18. Suppose 4*v = d*v - 70. Calculate the remainder when v is divided by 18.
17
Let p = 12 - 9. Suppose 4*z - 35 = -p. Calculate the remainder when 13 is divided by z.
5
Let g(p) = -3*p**2 - 20*p - 1. What is the remainder when 18 is divided by g(-6)?
7
Calculate the remainder when 140 is divided by (-2 + 0)/((-3)/27).
14
Let d = -102 - -109. What is the remainder when 20 is divided by d?
6
Let l(s) = -s**3 - 8*s**2 - 6*s + 1. Let c be l(-7). Let z = 0 - c. Let d(r) = -r**3 - 10*r**2 + 9*r - 13. Calculate the remainder when d(-11) is divided by z.
3
Let w(f) = -4*f - 2 + 16*f - 11*f. What is the remainder when 19 is divided by w(9)?
5
Let x(j) = 2*j**2 - 11*j + 16. What is the remainder when 21 is divided by x(2)?
1
Let k(o) = 2*o**3 - 3*o**2 - 4. Suppose 2*s - 60 = -2*l + l, 252 = 4*l + 4*s. Calculate the remainder when l is divided by k(3).
20
Let q = -79 - -40. Let o = -22 - q. Suppose -5*h + 40 = -10. Calculate the remainder when o is divided by h.
7
Suppose 5*w - 23 = 3*q, -q - 2*q + 17 = 5*w. Calculate the remainder when (4/5)/(q/(-55)) is divided by 23.
21
Let d = 13 + -1. What is the remainder when 45 is divided by ((-16)/12)/((-1)/d)?
13
Suppose 5*t - 5 = 5. Let f(l) = -l + 0*l + t*l + 14*l**2. Calculate the remainder when 37 is divided by f(-1).
11
Let p(b) = -b - b**3 + 0*b - 4 + 4*b - 8*b - 3*b**2. What is the remainder when p(-4) is divided by 17?
15
Let i(n) = 6*n + 5. Let s(c) = -c - 1. Let a(v) = -i(v) - 5*s(v). Calculate the remainder when -1*(-1)/((-2)/(-22)) is divided by a(-4).
3
Let h(a) = -a**2 + 6*a - 3. Let y be h(5). What is the remainder when y/(-6) + 88/3 is divided by 16?
13
Let v(x) = 22*x**3 + 2*x**2 - 3*x + 2. Calculate the remainder when 136 is divided by v(1).
21
Let b(g) = g**3 - 10*g**2 + 10*g + 2. Let s be b(9). Suppose 3*r - 1 - s = 0. What is the remainder when r is divided by 3?
1
Let n(r) = 2*r**2 + r + 1. Suppose 25 = 5*g - 2*u, 3*g - 5*u + 10 = 5*g. What is the remainder when g is divided by n(-1)?
1
Let g(q) = 21*q**3 - q**2. Let s(x) = -x**3 + 2*x**2 + 4*x - 3. What is the remainder when s(-4) is divided by g(1)?
17
Suppose 0 = -0*p + 2*p - 3*u - 42, 4 = -2*u. Calculate the remainder when 34 is divided by p.
16
Let z(u) = u**3 - 7*u**2 - 7*u + 27. What is the remainder when 134 is divided by z(8)?
29
Let p be ((-21)/9)/(3/(-9)). Suppose -p*l + 3*l - 2*k = -30, 2*l - 27 = 3*k. Let r(y) = -4*y - 8. What is the remainder when r(-6) is divided by l?
7
Suppose 3*h - 3*m = 2*h + 17, -2*h = 5*m + 10. What is the remainder when 70 is divided by h/(20/8) - -16?
16
Suppose 0 = -2*g - 1 + 13. Let z = g - 0. Calculate the remainder when 16 is divided by z.
4
Suppose 0 = 3*s - 5*o - 4, -3*s + 8 = -o - 3*o. What is the remainder when 226/s - 5/20 is divided by 15?
13
Suppose -5 = 4*h - 13. Suppose -h*m = m - 30. What is the remainder when 29 is divided by m?
9
Let a(h) = 2*h**3 - h**2 - 3*h + 1. Suppose 3*u + 3 = -0*f - f, 0 = 4*u + 5*f - 7. What is the remainder when a(2) is divided by (u/4)/((-7)/42)?
1
Suppose 2*a - 4*w - 60 = -3*w, 12 = -3*w. Suppose 3*n - 26 + 5 = 2*g, 0 = -5*n + g + a. Suppose 29 = n*k - 41. What is the remainder when 27 is divided by k?
13
Let a(w) = -w**3 + 8*w**2 + 6. Let i be (-2 - 1)/((-15)/40). Calculate the remainder when 21 is divided by a(i).
3
Let y be (-8)/(-44) - 2/11. Suppose -8 = 2*j - y*j. Let b(o) = -3*o - 4. Calculate the remainder when b(j) is divided by 5.
3
Let c = 41 - 16. Let u = -3 - -9. Suppose b - 15 = -u. What is the remainder when c is divided by b?
7
Suppose 0*t + 284 = -4*t. Let c = t - 245. What is the remainder when c/(-28) - (-4)/(-14) is divided by 6?
5
Let g(y) = 5*y**2 + 6*y - 7. Suppose -3*x = -8*x + 85. Suppose 3*m + x = 4*m. What is the remainder when g(-4) is divided by m?
15
Let b(m) = -6*m + 62. Calculate the remainder when b(6) is divided by 6.
2
Let v = -3 + 18. Let r = -13 - -41. Calculate the remainder when r is divided by v.
13
Let s(p) = -8*p. Let m = 2 - 3. Let q be s(m). Let y = q + -1. Calculate the remainder when 13 is divided by y.
6
Suppose 15 = 5*z, -122 = -2*y - 5*z - 39. Calculate the remainder when y is divided by 12.
10
Suppose g - 1 = 3. Suppose 5*d - 28 = -13. Calculate the remainder when g is divided by d.
1
Let o be 19/5 + 3/15. Suppose 0*l + 16 = 2*l. Let b = l - o. What is the remainder when 7 is divided by b?
3
Let n(v) = -2*v + 1. Let a be n(2). Let b = a + -2. Let r = b - -25. What is the remainder when 58 is divided by r?
18
Let q(h) = -h**3 - 11*h**2 + 12. What is the remainder when 44 is divided by q(